{"id":279,"date":"2017-08-30T00:05:45","date_gmt":"2017-08-29T22:05:45","guid":{"rendered":"https:\/\/petit-ronchin.quartiers-ronchin.fr\/?page_id=279"},"modified":"2017-12-01T18:05:09","modified_gmt":"2017-12-01T17:05:09","slug":"les-commercants","status":"publish","type":"page","link":"https:\/\/petit-ronchin.quartiers-ronchin.fr\/index.php\/les-commercants\/","title":{"rendered":"Les professionnels"},"content":{"rendered":"<p>Vous trouverez l&rsquo;ensemble des <strong>professionnels<\/strong> implant\u00e9s sur le territoire du <strong>petit Ronchin<\/strong> class\u00e9s<\/p>\n<p><strong>Par th\u00e8me:<\/strong><br \/>\nAlimentation &#8211; Habillement\/ Chaussures &#8211; Banques\/ Assurances &#8211; <a href=\"https:\/\/petit-ronchin.quartiers-ronchin.fr\/index.php\/professionnels-medical-paramedical\/\">M\u00e9dical\/Param\u00e9dical<\/a> &#8211; Services<\/p>\n<p><strong>Par rue:<\/strong><br \/>\n<a href=\"https:\/\/petit-ronchin.quartiers-ronchin.fr\/index.php\/place-de-labbe-de-lepee\/\">abb\u00e9 de l&rsquo;\u00e9p\u00e9e<\/a> &#8211; <a href=\"https:\/\/petit-ronchin.quartiers-ronchin.fr\/index.php\/rue-alexandre-iii\/\">Alexandre III<\/a> &#8211; <a href=\"https:\/\/petit-ronchin.quartiers-ronchin.fr\/index.php\/place-commandant-alloy\/\">Alloy<\/a> &#8211; <a href=\"https:\/\/petit-ronchin.quartiers-ronchin.fr\/index.php\/rue-anatole-france\/\">Anatole France<\/a> &#8211; <a href=\"https:\/\/petit-ronchin.quartiers-ronchin.fr\/index.php\/rue-bas-lievin\/\">Bas Li\u00e9vin<\/a> &#8211; <a href=\"https:\/\/petit-ronchin.quartiers-ronchin.fr\/index.php\/rue-des-bleuets\/\">Bleuets<\/a> &#8211; <a href=\"https:\/\/petit-ronchin.quartiers-ronchin.fr\/index.php\/rue-de-brasserie\/\">Brasserie<\/a> &#8211; <a href=\"https:\/\/petit-ronchin.quartiers-ronchin.fr\/index.php\/rue-chalant\/\">Chalant<\/a> &#8211; <a href=\"https:\/\/petit-ronchin.quartiers-ronchin.fr\/index.php\/rue-chalant\/\">Cit\u00e9 Delva<\/a> &#8211; <a href=\"https:\/\/petit-ronchin.quartiers-ronchin.fr\/index.php\/rue-du-commerce\/\">Commerce<\/a> &#8211; F\u00e2ches &#8211; Flandres &#8211; Fleurs &#8211; <a href=\"https:\/\/petit-ronchin.quartiers-ronchin.fr\/index.php\/rue-jules-fostier\/\">Fostier<\/a> &#8211; <a href=\"https:\/\/petit-ronchin.quartiers-ronchin.fr\/index.php\/rue-jules-guesde\/\">Guesde<\/a> &#8211; <a href=\"https:\/\/petit-ronchin.quartiers-ronchin.fr\/index.php\/rue-henri-dillies\/\">Henri Dillies<\/a> &#8211; Industrie &#8211; <a href=\"https:\/\/petit-ronchin.quartiers-ronchin.fr\/index.php\/rue-jean-jaures\/\">Jaur\u00e8s<\/a> &#8211; <a href=\"https:\/\/petit-ronchin.quartiers-ronchin.fr\/index.php\/rue-paul-lafargue\/\">Lafargue<\/a> &#8211; <a href=\"https:\/\/petit-ronchin.quartiers-ronchin.fr\/index.php\/rue-lavoisier\/\">Lavoisier<\/a> &#8211; <a href=\"https:\/\/petit-ronchin.quartiers-ronchin.fr\/index.php\/rue-general-leclerc\/\">G\u00e9n\u00e9ral Leclerc<\/a> &#8211; Malades &#8211; Margueritois &#8211; Midi &#8211; <a href=\"https:\/\/petit-ronchin.quartiers-ronchin.fr\/index.php\/rue-louis-montois\/\">Montois<\/a> &#8211; Notre Dame &#8211; Nouvelle &#8211; <a href=\"https:\/\/petit-ronchin.quartiers-ronchin.fr\/index.php\/rue-pasteur\/\">Pasteur<\/a> &#8211; Alexandre Ribot &#8211; Roses &#8211; Saint Sauveur- Marcel Sembat- Victor Schoelcher &#8211; Universit\u00e9 &#8211; Voltaire<\/p>\n","protected":false},"excerpt":{"rendered":"<p>Vous trouverez l&rsquo;ensemble des professionnels implant\u00e9s sur le territoire du petit Ronchin class\u00e9s Par th\u00e8me: Alimentation &#8211; Habillement\/ Chaussures &#8211; Banques\/ Assurances &#8211; M\u00e9dical\/Param\u00e9dical &#8211; Services Par rue: abb\u00e9 de l&rsquo;\u00e9p\u00e9e &#8211; Alexandre III &#8211; Alloy &#8211; Anatole France &#8211; Bas Li\u00e9vin &#8211; Bleuets &#8211; Brasserie &#8211; Chalant &#8211; Cit\u00e9 &hellip;<\/p>\n","protected":false},"author":1,"featured_media":0,"parent":0,"menu_order":0,"comment_status":"closed","ping_status":"closed","template":"","meta":{"_mi_skip_tracking":false},"yoast_head":"<!-- This site is optimized with the Yoast SEO plugin v18.5.1 - https:\/\/yoast.com\/wordpress\/plugins\/seo\/ -->\n<title>Les professionnels - Petit Ronchin - Comit\u00e9 de quartier<\/title>\n<meta name=\"robots\" content=\"index, follow, max-snippet:-1, max-image-preview:large, max-video-preview:-1\" \/>\n<link rel=\"canonical\" href=\"https:\/\/petit-ronchin.quartiers-ronchin.fr\/index.php\/les-commercants\/\" \/>\n<meta property=\"og:locale\" content=\"fr_FR\" \/>\n<meta property=\"og:type\" content=\"article\" \/>\n<meta property=\"og:title\" content=\"Les professionnels - Petit Ronchin - Comit\u00e9 de quartier\" \/>\n<meta property=\"og:description\" content=\"Vous trouverez l&rsquo;ensemble des professionnels implant\u00e9s sur le territoire du petit Ronchin class\u00e9s Par th\u00e8me: Alimentation &#8211; Habillement\/ Chaussures &#8211; Banques\/ Assurances &#8211; M\u00e9dical\/Param\u00e9dical &#8211; Services Par rue: abb\u00e9 de l&rsquo;\u00e9p\u00e9e &#8211; Alexandre III &#8211; Alloy &#8211; Anatole France &#8211; Bas Li\u00e9vin &#8211; Bleuets &#8211; Brasserie &#8211; Chalant &#8211; Cit\u00e9 &hellip;\" \/>\n<meta property=\"og:url\" content=\"https:\/\/petit-ronchin.quartiers-ronchin.fr\/index.php\/les-commercants\/\" \/>\n<meta property=\"og:site_name\" content=\"Petit Ronchin - Comit\u00e9 de quartier\" \/>\n<meta property=\"article:publisher\" content=\"https:\/\/www.facebook.com\/cqpetitronchin\" \/>\n<meta property=\"article:modified_time\" content=\"2017-12-01T17:05:09+00:00\" \/>\n<meta name=\"twitter:card\" content=\"summary\" \/>\n<meta name=\"twitter:label1\" content=\"Dur\u00e9e de lecture estim\u00e9e\" \/>\n\t<meta name=\"twitter:data1\" content=\"1 minute\" \/>\n<script type=\"application\/ld+json\" class=\"yoast-schema-graph\">{\"@context\":\"https:\/\/schema.org\",\"@graph\":[{\"@type\":\"WebSite\",\"@id\":\"https:\/\/petit-ronchin.quartiers-ronchin.fr\/#website\",\"url\":\"https:\/\/petit-ronchin.quartiers-ronchin.fr\/\",\"name\":\"Petit Ronchin - Comit\u00e9 de quartier\",\"description\":\"Retrouvez toutes les infos du quartier du petit\",\"potentialAction\":[{\"@type\":\"SearchAction\",\"target\":{\"@type\":\"EntryPoint\",\"urlTemplate\":\"https:\/\/petit-ronchin.quartiers-ronchin.fr\/?s={search_term_string}\"},\"query-input\":\"required name=search_term_string\"}],\"inLanguage\":\"fr-FR\"},{\"@type\":\"WebPage\",\"@id\":\"https:\/\/petit-ronchin.quartiers-ronchin.fr\/index.php\/les-commercants\/#webpage\",\"url\":\"https:\/\/petit-ronchin.quartiers-ronchin.fr\/index.php\/les-commercants\/\",\"name\":\"Les professionnels - Petit Ronchin - Comit\u00e9 de quartier\",\"isPartOf\":{\"@id\":\"https:\/\/petit-ronchin.quartiers-ronchin.fr\/#website\"},\"datePublished\":\"2017-08-29T22:05:45+00:00\",\"dateModified\":\"2017-12-01T17:05:09+00:00\",\"breadcrumb\":{\"@id\":\"https:\/\/petit-ronchin.quartiers-ronchin.fr\/index.php\/les-commercants\/#breadcrumb\"},\"inLanguage\":\"fr-FR\",\"potentialAction\":[{\"@type\":\"ReadAction\",\"target\":[\"https:\/\/petit-ronchin.quartiers-ronchin.fr\/index.php\/les-commercants\/\"]}]},{\"@type\":\"BreadcrumbList\",\"@id\":\"https:\/\/petit-ronchin.quartiers-ronchin.fr\/index.php\/les-commercants\/#breadcrumb\",\"itemListElement\":[{\"@type\":\"ListItem\",\"position\":1,\"name\":\"Accueil\",\"item\":\"https:\/\/petit-ronchin.quartiers-ronchin.fr\/\"},{\"@type\":\"ListItem\",\"position\":2,\"name\":\"Les professionnels\"}]}]}<\/script>\n<!-- \/ Yoast SEO plugin. -->","yoast_head_json":{"title":"Les professionnels - Petit Ronchin - Comit\u00e9 de quartier","robots":{"index":"index","follow":"follow","max-snippet":"max-snippet:-1","max-image-preview":"max-image-preview:large","max-video-preview":"max-video-preview:-1"},"canonical":"https:\/\/petit-ronchin.quartiers-ronchin.fr\/index.php\/les-commercants\/","og_locale":"fr_FR","og_type":"article","og_title":"Les professionnels - Petit Ronchin - Comit\u00e9 de quartier","og_description":"Vous trouverez l&rsquo;ensemble des professionnels implant\u00e9s sur le territoire du petit Ronchin class\u00e9s Par th\u00e8me: Alimentation &#8211; Habillement\/ Chaussures &#8211; Banques\/ Assurances &#8211; M\u00e9dical\/Param\u00e9dical &#8211; Services Par rue: abb\u00e9 de l&rsquo;\u00e9p\u00e9e &#8211; Alexandre III &#8211; Alloy &#8211; Anatole France &#8211; Bas Li\u00e9vin &#8211; Bleuets &#8211; Brasserie &#8211; Chalant &#8211; Cit\u00e9 &hellip;","og_url":"https:\/\/petit-ronchin.quartiers-ronchin.fr\/index.php\/les-commercants\/","og_site_name":"Petit Ronchin - Comit\u00e9 de quartier","article_publisher":"https:\/\/www.facebook.com\/cqpetitronchin","article_modified_time":"2017-12-01T17:05:09+00:00","twitter_card":"summary","twitter_misc":{"Dur\u00e9e de lecture estim\u00e9e":"1 minute"},"schema":{"@context":"https:\/\/schema.org","@graph":[{"@type":"WebSite","@id":"https:\/\/petit-ronchin.quartiers-ronchin.fr\/#website","url":"https:\/\/petit-ronchin.quartiers-ronchin.fr\/","name":"Petit Ronchin - Comit\u00e9 de quartier","description":"Retrouvez toutes les infos du quartier du petit","potentialAction":[{"@type":"SearchAction","target":{"@type":"EntryPoint","urlTemplate":"https:\/\/petit-ronchin.quartiers-ronchin.fr\/?s={search_term_string}"},"query-input":"required name=search_term_string"}],"inLanguage":"fr-FR"},{"@type":"WebPage","@id":"https:\/\/petit-ronchin.quartiers-ronchin.fr\/index.php\/les-commercants\/#webpage","url":"https:\/\/petit-ronchin.quartiers-ronchin.fr\/index.php\/les-commercants\/","name":"Les professionnels - Petit Ronchin - Comit\u00e9 de quartier","isPartOf":{"@id":"https:\/\/petit-ronchin.quartiers-ronchin.fr\/#website"},"datePublished":"2017-08-29T22:05:45+00:00","dateModified":"2017-12-01T17:05:09+00:00","breadcrumb":{"@id":"https:\/\/petit-ronchin.quartiers-ronchin.fr\/index.php\/les-commercants\/#breadcrumb"},"inLanguage":"fr-FR","potentialAction":[{"@type":"ReadAction","target":["https:\/\/petit-ronchin.quartiers-ronchin.fr\/index.php\/les-commercants\/"]}]},{"@type":"BreadcrumbList","@id":"https:\/\/petit-ronchin.quartiers-ronchin.fr\/index.php\/les-commercants\/#breadcrumb","itemListElement":[{"@type":"ListItem","position":1,"name":"Accueil","item":"https:\/\/petit-ronchin.quartiers-ronchin.fr\/"},{"@type":"ListItem","position":2,"name":"Les professionnels"}]}]}},"_links":{"self":[{"href":"https:\/\/petit-ronchin.quartiers-ronchin.fr\/index.php\/wp-json\/wp\/v2\/pages\/279"}],"collection":[{"href":"https:\/\/petit-ronchin.quartiers-ronchin.fr\/index.php\/wp-json\/wp\/v2\/pages"}],"about":[{"href":"https:\/\/petit-ronchin.quartiers-ronchin.fr\/index.php\/wp-json\/wp\/v2\/types\/page"}],"author":[{"embeddable":true,"href":"https:\/\/petit-ronchin.quartiers-ronchin.fr\/index.php\/wp-json\/wp\/v2\/users\/1"}],"replies":[{"embeddable":true,"href":"https:\/\/petit-ronchin.quartiers-ronchin.fr\/index.php\/wp-json\/wp\/v2\/comments?post=279"}],"version-history":[{"count":24,"href":"https:\/\/petit-ronchin.quartiers-ronchin.fr\/index.php\/wp-json\/wp\/v2\/pages\/279\/revisions"}],"predecessor-version":[{"id":570,"href":"https:\/\/petit-ronchin.quartiers-ronchin.fr\/index.php\/wp-json\/wp\/v2\/pages\/279\/revisions\/570"}],"wp:attachment":[{"href":"https:\/\/petit-ronchin.quartiers-ronchin.fr\/index.php\/wp-json\/wp\/v2\/media?parent=279"}],"curies":[{"name":"wp","href":"https:\/\/api.w.org\/{rel}","templated":true}]}}